 + u. What are the prime factors of x?
191
Let u be ((-1)/2)/((-5)/260). Suppose -21 - u = -d. List the prime factors of d.
47
Suppose 3*q - 1442 = -t, 2*t + 1018 = q + 3930. List the prime factors of t.
2, 727
Let s(u) = -2*u + u**2 - 1 + 12*u - 10*u. List the prime factors of s(8).
3, 7
Let c(j) = -j**2 - 14*j + 3. Let b(m) = m**3 - 24*m**2 - 10. Let x be b(24). List the prime factors of c(x).
43
Suppose -3*v + 6 = 3*d, 4*v = 3*d + 10 - 23. Suppose 0 = 3*x - 12, y - 7*x + d*x - 28 = 0. What are the prime factors of y?
2, 11
Let i(w) = 18*w + 48. What are the prime factors of i(8)?
2, 3
Let n = 65 + -67. What are the prime factors of -3 + n + (217 - 2)?
2, 3, 5, 7
Let u(o) = -o**3 + 6*o**2 - 7*o + 2. Let w be u(5). Let r = w - -133. What are the prime factors of r?
5
Let v(g) = 0*g**2 - 4*g - 3*g - 3 - 5 + g**2. Let q be v(-11). Suppose q = 6*z - z. What are the prime factors of z?
2, 19
Let q(i) = -i**2 + 4*i - 6. Let n be q(4). Let a(s) = s**3 + 5*s**2 - 8*s - 9. Let w be a(n). Suppose 0 = -2*y + w*y - 23. List the prime factors of y.
23
Let q(k) = 186*k**2 + 87*k - 2. What are the prime factors of q(-4)?
2, 13, 101
Let b = 11 - 13. What are the prime factors of (4/b)/(1 + 30/(-26))?
13
Let z = 51 - 46. Suppose z*h + 156 = 7*h. What are the prime factors of h?
2, 3, 13
Suppose 3*i + 16*i - 15998 = 0. What are the prime factors of i?
2, 421
Suppose -16 = -4*i - 0. Suppose -3*s + 190 = 2*s + 2*m, i*m - 200 = -5*s. List the prime factors of s.
2, 3
Let y be 0/1 - -10 - 2. Suppose y = -3*v + 23. List the prime factors of (45/(-3))/(v/(-15)).
3, 5
Suppose -6*r + 22 - 10 = 0. Suppose -47 = r*g - 227. List the prime factors of g.
2, 3, 5
Let x(f) = f**3 + 6*f**2 - 5*f + 5. Let c be x(-7). Let w = -9 - c. Suppose 40 = -w*d + 4*d. What are the prime factors of d?
2, 5
Let k(a) = a**2 - 3*a - 5. Let g be k(5). Suppose g*s - 2 = 4*m, 1 = 4*s + m - 9. Suppose -2*q - s*q + 124 = 0. List the prime factors of q.
31
Let j(y) = -243*y**3 - 2*y - 1. Let f(r) = r**3 - 4*r**2 + 2*r - 9. Let a be f(4). What are the prime factors of j(a)?
2, 61
Suppose -2*m + 964 = -5*i, 130*m - 125*m + 2*i - 2468 = 0. List the prime factors of m.
2, 3, 41
Let m(k) = 6*k + 31. Let t be m(9). Let g be -1 + (3 + 2 - 0). Suppose -g*u - u = -t. What are the prime factors of u?
17
Let r(l) = 3*l**3 - 8*l**2 + 11*l + 11. What are the prime factors of r(6)?
19, 23
Let p = -51 + 57. Suppose 794 = -2*g + p*g - 2*o, 2*o = 3*g - 594. List the prime factors of g.
2, 5
Let x(p) = p**3 - 15*p**2 + 5*p - 70. Let n be x(15). Suppose 9 - 195 = -3*c. Suppose -j - c = -n*d, -j - 3*j = -d + 1. What are the prime factors of d?
13
Suppose 5*x = 45 + 135. Let o = -8 + x. List the prime factors of o.
2, 7
Let d(m) = 35*m**2 - 17*m + 18*m + 27*m**2. Let q be (-3)/2*(-2)/3. List the prime factors of d(q).
3, 7
What are the prime factors of (-13)/((-234)/(-12)) - (-14721)/9?
3, 5, 109
Let h(f) = -f**2 + 16*f - 10. Let m be h(15). Suppose -m*u - 647 = -2*c - 6*u, 5*u + 1610 = 5*c. What are the prime factors of c?
17, 19
Suppose 26*h = 22*h + 40. Suppose -h*m + 11*m = 104. What are the prime factors of m?
2, 13
Suppose 119014 = 31*k - 5668. List the prime factors of k.
2, 2011
Suppose 6*t = 2*t + 52. Let y = 15 - t. Suppose -36 = -5*z + 3*f, -3*z + 30 = z - y*f. List the prime factors of z.
3
Suppose -4*i + 15 = -9. Suppose -3*z + 10 = -b, -z + 14 - i = -5*b. Suppose z*t - 20 = t. What are the prime factors of t?
2, 5
Let v be 54*-1 - 1 - 0. Let z = v - -29. List the prime factors of (1 + -9)*z/8.
2, 13
Suppose -5*g = -3*h - 3361, 2*g - 1445 = 3*h - 106. List the prime factors of g.
2, 337
Suppose 3*g = 4*b + 48, 3*g - 3*b - 54 + 3 = 0. Let f = g + -15. Suppose -23 = -f*y + 52. What are the prime factors of y?
3, 5
Suppose -56 = -2*u - 5*u. List the prime factors of ((-450)/u)/(-3) + (-54)/72.
2, 3
Let s be (-48)/(-26) + (-4)/(-26). Suppose 3*i - 75 = -s*i. Suppose i = -3*v, 3*b + v = -v + 62. What are the prime factors of b?
2, 3
What are the prime factors of (22/99)/(5/19395)?
2, 431
List the prime factors of (-15)/(120/(-11056)) - 6.
2, 43
Let r = 601 + -243. What are the prime factors of r?
2, 179
Let o(b) = 2*b + 43 + 3*b**2 + 8*b + 16*b - 2*b**2. What are the prime factors of o(-26)?
43
Suppose 0 = -7*g + 3*d + 10711, 3*g - 7*g = -2*d - 6120. List the prime factors of g.
1531
Suppose 0 = 3*a - 2*w - 8, 0 = -2*a - w + 3*w + 4. Suppose -a*c = -143 - 289. Suppose -3*d = 3*d - c. What are the prime factors of d?
2, 3
Let g(o) = 7*o - 19. Let x be g(17). List the prime factors of x - 8*((-16)/4)/8.
2, 13
Let h = -665 - -680. Let t(u) = 0 + 6 + 14*u**2 - 3 - u**3 + 19*u. What are the prime factors of t(h)?
3, 7
Let p(s) be the first derivative of -29*s**2/2 - 5*s + 1. List the prime factors of p(-7).
2, 3, 11
Let s = 112 - -450. List the prime factors of s.
2, 281
Suppose 13*b - 18*b = 0. Suppose 10*f - 2*f - 664 = b. What are the prime factors of f?
83
What are the prime factors of 7 - 4 - 97*-7?
2, 11, 31
Let s(w) = 5*w - 1. Let l be s(3). Let c = l - 26. Let a = c - -19. List the prime factors of a.
7
Let d = -1085 + 1175. What are the prime factors of d?
2, 3, 5
Let l be (-2651)/44 + (-1)/(-4). List the prime factors of 3*(l/(-4))/1.
3, 5
Let b(w) be the first derivative of -w**3/2 - w**2/2 - 6*w - 1. Let c(m) be the first derivative of b(m). What are the prime factors of c(-7)?
2, 5
Let n(v) = v**2 + 2*v - 5. Let t be ((-5)/(-4))/(4/(-32)). Let p be (-25)/t*12/10. List the prime factors of n(p).
2, 5
Let k(z) = -7*z + 6*z - z**3 - 5*z**2 - 2*z**2 - 7*z. Let x be k(-6). Suppose -12 = -6*c + x. List the prime factors of c.
2
Let x be 4/(-14) - 1098/(-21). Let m = x + -21. List the prime factors of m.
31
Let q(u) be the third derivative of -103*u**4/12 + u**3 - 45*u**2. List the prime factors of q(-1).
2, 53
Suppose -28*v - 2*v + 43110 = 0. List the prime factors of v.
3, 479
Let x = -476 + 1784. What are the prime factors of x?
2, 3, 109
Suppose 3*y - 18 = -3*r, 5*y - 14 = -r - 0. Suppose 0*c + 24 = y*c. Let x = c + -2. What are the prime factors of x?
2, 5
Let o = 6038 + -2933. What are the prime factors of o?
3, 5, 23
List the prime factors of 33 + -37 + 3/((-3)/(-325)).
3, 107
Let z(f) = 6*f**3 - 38*f**2 - 9*f - 9. List the prime factors of z(7).
2, 31
Let c(l) = 757*l**3 - l**2 + 4*l - 10. List the prime factors of c(2).
2, 5, 11
Let y be (2 - -1) + 1 + -1. Suppose -5*f = -2*g + 469, 0*g - 5*g = y*f - 1188. List the prime factors of g.
3, 79
List the prime factors of 10/((-50)/(-4785)) - 1.
2, 239
Let n(z) = z**3 - 5*z**2 + 5*z - 6. Let a be n(5). Let v = a - 19. Suppose 0*x - i = x - 47, v = -2*x + 4*i + 64. List the prime factors of x.
2, 3, 7
Suppose 0 = -4*h - 2*r + 16, -13 - 5 = -h - 4*r. Suppose -6*o = -2*o - 12. Suppose -6*z + h*z = -4, o*z = -3*x + 36. What are the prime factors of x?
11
Suppose -z - 3*z + 32 = 0. Suppose 4*p = -z, 0*p = 3*m - 2*p - 70. List the prime factors of m.
2, 11
Let f(r) = 8*r - 5. Let d be f(22). Suppose -d = -2*s + 85. List the prime factors of s.
2
Suppose 3*l - 3*w - 14 = 5*l, 34 = -4*l - 3*w. Let f be (-19)/7 - l/(-35). List the prime factors of 8/4 + f - -6.
5
Let f(m) = 13 + 8 + 10*m - m**2 - 27. What are the prime factors of f(6)?
2, 3
Let t(g) = -g**2 + 3*g + 2. Let f be t(-1). Let u be 2*(3/6 - f). Suppose u*k - 40 = -2*h, k + 0*k = -2*h + 56. List the prime factors of h.
2, 3, 5
Let k = -30 + 34. Suppose -f - y = -22, -5*y - 95 = -k*f - 16. What are the prime factors of f?
3, 7
Suppose y - 34 + 10 = 0. Let l(b) = 13*b**2 - 3*b + 2. Let w be l(1). What are the prime factors of (-5)/((-20)/w) + y?
3
Let p = 1024 - 679. What are the prime factors of p?
3, 5, 23
Suppose -4*p = -4*v + 104, 4*v + 157 = -2*p - 3*p. Let f be -2 + 94 - (-1)/(-3)*-3. Let z = f + p. What are the prime factors of z?
2
Let r = 12 + -11. Let h = r - -3. Suppose -h*x - 26 = -70. List the prime factors of x.
11
Let j = 22 + -19. Suppose 5*a = -4*b + 268, -j*b + 2*a = a - 220. Suppose -2*h = -6*h + b. List the prime factors of h.
2, 3
Suppose 3*h + 31 = 3*v - 2, 0 = -4*v - 4*h + 12. Let m(w) = w**3 - 7*w**2 + 2*w + 9. List the prime factors of m(v).
23
Let g be (37/4)/((-12)/(-48)). Let x = -35 + g. List the prime factors of x.
2
Suppose -5*f - 4*o + 22154 = 0, 2*f - 244*o + 247*o = 8